 (23/8 + -3). Let i(b) = -b - 9. What is i(y)?
-4
Let g(w) = -1 + 9*w + 2*w + 6*w - 14*w. Calculate g(1).
2
Let o(a) = -2*a + 9. Let n(v) = v - 4. Let h(w) = -13*n(w) - 6*o(w). Suppose -5*k + 200 = -0*k. Let s be (-4)/(-18) + k/(-18). Calculate h(s).
0
Suppose 0 = -0*k + 4*k. Suppose -b + 4*l - 15 = -3, k = 4*b + 2*l - 24. Let v(t) = -3*t**3 + b*t**3 - 3*t**2 - t - 5 + 2. Determine v(3).
-6
Let g(z) = -9*z**2 + 3*z - 2. Let a(f) = -5*f**2 + f - 1. Let t(n) = 5*a(n) - 3*g(n). Give t(3).
7
Let m(s) = -4*s**2 - 10*s - 6. Let n(b) = b**2 + b + 1. Let h(f) = -m(f) - 5*n(f). Calculate h(4).
5
Suppose 0 = -4*t + 5*t - 3. Suppose 0*z = -t*z - 12. Let a(k) = -k**2 - 3*k + 5. What is a(z)?
1
Let b(v) be the second derivative of 0 - 3*v + 1/6*v**3 + 0*v**2 - 1/2*v**4. Let y = -2 + 1. Determine b(y).
-7
Let l be 3/12 - (-27)/4. Suppose -5*j + 27 = l. Let s(r) be the second derivative of -r**5/20 + r**4/3 + r**3/6 + 2*r**2 - r. Give s(j).
8
Let t(u) = -u - 8. Let m be t(-5). Let f(d) = -d**2 + 2*d + 1. Calculate f(m).
-14
Let w(s) = 6*s - 3. Let j be (-4)/(-10) + (-129)/(-15). Let p = -13 - -25. Let g be p/j*(-6)/(-4). What is w(g)?
9
Let t(w) = 7*w. Suppose 5*d + 0*d + 17 = -3*u, u - 5*d - 21 = 0. What is t(u)?
7
Let b(h) = 5*h + 34*h**2 + 9*h - 33*h**2 - 19. Let z be b(-15). Let l(i) = -3*i + 4. Calculate l(z).
16
Let n = 8 + -12. Let x = 8 + n. Let l(i) = 7*i**2 + i + 12. Let b(d) = -d**2 - d - 1. Let u(c) = -6*b(c) - l(c). What is u(x)?
-2
Let v(m) be the first derivative of -m**3/3 + 5*m**2/2 - 2*m + 22. Calculate v(4).
2
Let p(h) = h**2 + 5*h - 3. Let k be p(-6). Suppose -q - k*q = 24. Let v(g) = -g**3 - 7*g**2 - 8*g - 8. Calculate v(q).
4
Let a(d) = d**2 + d - 2. Let o be a(-2). Suppose o = z - 0*z. Let p(c) = -c**3 - c - 5. Give p(z).
-5
Let w(n) = -10*n**3 + 18*n**2 - 15*n - 21. Let m(x) = -7*x**3 + 12*x**2 - 10*x - 14. Let l(p) = 7*m(p) - 5*w(p). Determine l(5).
7
Let d be -5 + 1 + 10/(-5). Let w(c) = -c**2 - 6*c + 1. Calculate w(d).
1
Let x(q) = 4*q**2 - 2*q**2 - 1 + 3 + 2*q**3. Let l be 3 + -1 + 24/2. Let f = -16 + l. Calculate x(f).
-6
Let d(t) = t**2 + 4*t - 1. Let w be d(-4). Let i(u) = -10*u. Determine i(w).
10
Let w be (33/18)/11*2. Let c(m) be the second derivative of -w*m**3 + m**2 + m + 0. What is c(2)?
-2
Suppose 3*a + 5 = 2*a. Let c(z) = -z**3 - 6*z**2 - 5*z - 5. Calculate c(a).
-5
Let o(d) = -d + 11. Let w be o(12). Let r(h) = h**3 - h**3 + h**3. Give r(w).
-1
Suppose 2 = -2*v + 2*u, 0 = -3*v - 0*u + u + 5. Suppose 2*j - v = 3*j. Let c(y) = y**2 - 2. What is c(j)?
7
Let n(j) = j**3 - j**2 + j + 1. Let v(x) = 6*x**3 + 2*x**2 + 6*x + 3. Let k(m) = 5*n(m) - v(m). Give k(-7).
9
Let u(i) be the first derivative of 3 + 0*i**2 + 1/3*i**3 - i. Determine u(-2).
3
Let k(a) = 2. Suppose 3*m + 3 = 0, -b + 0*m - 2*m = 1. Let d(h) = h + 1. Let o(p) = b*d(p) + k(p). Let q be 2 + 0 + 1 + 0. Give o(q).
6
Let s = 6 - 3. Let v(b) = -5*b + 4*b**2 - b**2 + b**s - 3*b**2 - 6 - 5*b**2. Determine v(6).
0
Suppose 3*g = 8*g + 20. Let v(o) = 2*o + 2. Determine v(g).
-6
Let j(s) = -s**2 + 21*s + 5. Let l be j(21). Let z(u) = 0 - 2 - u + 4. Calculate z(l).
-3
Let c(h) be the second derivative of h**5/10 - h**4/6 - h**3/2 + h**2 + 20*h. Let p(m) = m + 9. Let r be 54/(-8) - 6/24. Let j be p(r). What is c(j)?
4
Suppose 0 = 5*y - 5 - 0. Let z(n) be the first derivative of -n**3/3 + n**2/2 - n - 6. Give z(y).
-1
Suppose 2*q - 1 = 3. Let c(n) = -16*n**3 + 16*n**2 - 7*n - 13. Let s(x) = -5*x**3 + 5*x**2 - 2*x - 4. Let t(w) = 2*c(w) - 7*s(w). Determine t(q).
14
Let w(g) = -g**3 + 5*g**2 - 2*g - 4. Suppose 2*q - 4*q - 2*t - 2 = 0, -3*q = 2*t - 2. Give w(q).
4
Let k(t) = 8*t + 26. Let a be k(-4). Let o(u) = u - 2. What is o(a)?
-8
Let n(b) = -b. Let x(v) = -2*v**2 + 2*v + 2. Let s be x(-1). Calculate n(s).
2
Suppose 3*n + 0*n = 6. Let i(w) = -w**2 + 3*w - 2. Determine i(n).
0
Let g(a) be the second derivative of -a**5/20 - a**4/4 + a**3/6 - 11*a. Let i = -5 - -3. Calculate g(i).
-6
Let p(v) = 3*v. Let m(f) = -f**2 + 15*f. Let i(n) = -2*m(n) + 11*p(n). Calculate i(-3).
9
Let h(s) be the third derivative of -s**5/60 - 7*s**3/3 + 6*s**2 - s. Give h(0).
-14
Let v(d) = d**2 + d - 11. Suppose 2*u - 5 = 2*g + 3, 20 = 4*u. Let w be (g - 1)*5/(-10). What is v(w)?
-11
Let q(j) be the first derivative of -4*j**3/3 - 1. Suppose 0 = v - 0*v - 2. Suppose v*o - 7*o + 5 = 0. Calculate q(o).
-4
Let f be (-6)/21 - 48/(-21). Let a(g) = -1 + 4*g**2 + 0*g**2 - 5*g**f + 3*g + 4*g. Calculate a(6).
5
Let k(z) = z**3 - 4*z**2 + 10*z - 9. Let c(j) = 2*j**3 - 7*j**2 + 21*j - 19. Let t(g) = -3*c(g) + 7*k(g). Determine t(6).
0
Let c(f) = 10*f + 15*f - 44*f + f**2 + 12*f. Determine c(6).
-6
Let w(n) = -n**3 + 5*n**2 - 3*n + 3. Let a be (3 - (-5 + 4))/1. Calculate w(a).
7
Let d(k) = -2*k**3 + 2*k - 1. Suppose 5*a - 30 = -5*s, 3*s = 4*a - 2*a + 8. Suppose m = -m + a. Determine d(m).
-1
Let f(p) = -p + 11. Let o(g) = 7*g**3 - g**2 + g. Let w be o(1). Calculate f(w).
4
Suppose -2*o - 4*p = -2, 0*p = 5*o - 5*p + 25. Let h(u) = -6*u + 1. Calculate h(o).
19
Let f(u) = -u**2 - 5*u - 4. Let j be f(-4). Let y be (1/(-3)*j)/(-3). Let m(x) = 0 - x + y. What is m(-2)?
2
Let d(s) = -7*s + 4. Let q(z) = 20*z - 12. Let a(c) = -17*d(c) - 6*q(c). Let i be (4 - -2) + (-2 - -1). Give a(i).
-1
Let c(b) = b - 1. Suppose -q = -5*q - 20. Let y = -9 - q. Give c(y).
-5
Let h(p) = -p**3 - 5*p**2 - 4*p. Suppose -4 + 8 = i. Suppose 0*z + i = -z. Determine h(z).
0
Let y be 6/(-9)*27/(-3). Let o(q) = -q. Let r(f) = -2*f - 11. Let i(z) = -3*o(z) + r(z). Calculate i(y).
-5
Let y(h) = -2*h**2 + 4*h**2 - 12 + h**3 - 11*h**2 + 9*h. Let f be y(8). Let p(w) = 8*w + 10. Let u(c) = -c - 1. Let q(k) = p(k) + 4*u(k). Give q(f).
-10
Suppose f = 5*i + 7, -f = -6*f + 3*i + 13. Let z(q) be the first derivative of -4 + 2*q**2 - q**f + 2*q + 3 - 2*q**2. What is z(4)?
-6
Let q(y) = 3*y**3 - 3*y**2 - y + 2. Suppose t - 6*t = -40. Let b be (t/12*6)/2. What is q(b)?
12
Suppose -2 = -5*x + 13. Let k(b) = 5*b**2 - b**x - 7 - b + b. Give k(5).
-7
Let j(y) be the first derivative of y - 2 + 5/2*y**2. Suppose -4 = -h + 5*h. Determine j(h).
-4
Suppose -2*x + d = -15, 0*x + 2*x + 5 = -3*d. Suppose -4*v - 2*h + 20 = 0, -x*h = 3*v - 0*h - 29. Let l(k) = k + k**2 + k - 2 - 4*k. Calculate l(v).
1
Let x(f) = -4*f**3 + 1. Let v be 0*(-4 + 3/1). Suppose 5*m + 7 - 22 = v. Suppose 0*d - 3*d = m. Give x(d).
5
Let z(a) = -a**3 - 2*a**2 - 1. Let m(v) = -v**2 - 2*v. Let h be m(-3). Calculate z(h).
8
Let c(m) = -m + 2*m - 2*m + 3 + 5. Determine c(6).
2
Let f(m) be the second derivative of -m**2 - 1/12*m**4 + 0 + 1/6*m**3 - 1/20*m**5 + 3*m. Let p be 3/6 - (-1)/(-2). Determine f(p).
-2
Let b(j) = -3 - j + j + 2*j. Let u be ((-2)/(-4))/((-1)/(-2)). Let m be (-2 - -3) + (u - 0). Give b(m).
1
Let m(q) = q - 6. Let x(i) = -2*i + 5. Let o be x(0). What is m(o)?
-1
Let p(f) = -f**3 - 5*f**2 - f - 2. Let t(m) = m**2 + 1. Let i(y) = -p(y) - 2*t(y). Calculate i(-2).
2
Let y(m) be the first derivative of -m**4/4 - 2*m**3 - m**2/2 - 7*m - 26. Determine y(-6).
-1
Let p be ((-2 + 2)/(-1))/(-1). Let d(j) = p*j + 1 + 2 + 1 + j. What is d(3)?
7
Let s(l) = -l - 5. Let j(i) = i**3 - 8*i + 18*i**2 - 8 - 13*i**2 + 0*i**3. Let a be j(-6). Let m(k) = -k**3 + 3*k**2 + 4*k - 5. Let g be m(a). Calculate s(g).
0
Let m(o) = -o**3 - 7*o**2 - 5*o - 9. Let t(k) = k**2 - 21*k - 28. Let c be t(22). Calculate m(c).
-15
Let w(d) = d**2 + 2*d + 3. Let l = -48 + 46. Determine w(l).
3
Suppose l - 3*h - 4 = 14, -h + 2 = l. Let g(q) = 0 - 13*q + 10*q - 3 + l. Give g(6).
-15
Suppose 4*i + 5 = 1. Let m(r) = -1 + 25*r + 20*r - 45*r + 9*r**2. Calculate m(i).
8
Let b(w) = -w**2 + w. Suppose 0 = 7*x - 4 - 3. Determine b(x).
0
Suppose -2*s + 4*s = -10. Let f be 7 - 4 - (-2 - -1). Let d(t) = 0*t**3 + f*t - 4*t**2 - 2*t**3 - 1 + t**3. Calculate d(s).
4
Let p(n) = n**2 - 3*n - 3. Let w be p(3). Let l be (-3)/(0 + w)*-1. Let m(q) = -8*q - 1. What is m(l)?
7
Let a(t) be the third derivative of -t**4/12 + t**3/3 + t**2. Let f(i) = -i**2 + 6*i - 1. Let d be f(5). Give a(d).
-6
Suppose 2 + 2 = l. Let f(k) = -3*k**2 + 3*k**3 - 3*k**3 + 3*k**3 + 5 - 6*k - 2*k**3. Determine f(l).
-3
Suppose 45 = 5*l - 4*x, 4*l + 4*x - 25 = 5*x. Let z(s) = -s + 12 + 3*s - l. Determine z(-5).
-3
Let r(u) = u**3 + 4*u**2 + 3*u - 1. Let y be r(-3